te -18 + 0 - (-4 + -6 + 9).
-17
Calculate -13 + 23 - 4 - (-18 - -14).
10
Evaluate 17 + (-6 - 12 - 8).
-9
-10 + -1 + -48 + 20 + 26
-13
What is the value of 13 + -15 + 8 + -14?
-8
Calculate 8 - ((-2 - (1 + 3)) + 11).
3
8 + (-37 - (-7 - (5 + -6))) - 5
-28
(-2 - (4 + 0)) + -1 + -2 + -1
-10
What is 0 - 19 - (262 + -296)?
15
(-15 - -1) + -68 + 96
14
Calculate (-24 - -23) + 19 - -3.
21
41 - (26 - (-32 - -38))
21
Evaluate -8 + -2 + 20 + -13 + 1.
-2
-24 + 43 + 7 - 0
26
Calculate (-8 - -2) + -15 - -38.
17
23 - (1 - (32 + -31 + 1 + -1))
23
Calculate -8 - (5 - (-5 - ((1 - 12) + 4))).
-11
Evaluate 27 - 50 - 0 - (-3 - 0) - -8.
-12
Calculate (-3 - (11 - -1 - 18)) + -8.
-5
Evaluate -3 + (-5 - -9) - 16.
-15
(-5 - 1) + 6 - ((-6 - 1) + 3)
4
What is -5 + -28 + (-19 - -24)?
-28
What is the value of -2 - ((0 - -11) + -6 - -7)?
-14
Calculate 10 - 2 - (-2 + 1 - 1 - -21).
-11
What is the value of -42 - (4 + -14 + -28)?
-4
Calculate (1 - (-13 + 4)) + (204 - 206).
8
What is the value of (-1 - (-7 + 1)) + 23 + -73 + 46?
1
What is 6 + (-3 - 1) + (-16 - -12) + -10?
-12
Calculate -1 - (-34 - (-19 + 9)).
23
What is -1 + 7 - (-26 + 58 + -49)?
23
What is 6 - -2 - ((369 - 355) + (1 - -6))?
-13
What is the value of 0 - (6 + (-10 - -3 - -13 - 4))?
-8
What is 3 - (3 - 2) - (-4 - (-24 - -15))?
-3
What is -8 - 1 - -26 - (17 + -8) - 8?
0
What is the value of (8 - (0 + 20)) + 24?
12
What is (-27 - -29) + 22 - -8?
32
Evaluate (31 - -3) + -36 + 19.
17
What is the value of -35 + -2 - (-237 - -236)?
-36
Calculate (17 - (-12 + 31)) + -10.
-12
What is -11 + (60 - (19 - -3))?
27
What is the value of 45 - (45 - (-14 - -31))?
17
-6 + 29 + 2 + -4 + 3 + -8
16
What is the value of 10 - (-12 + 7 - (-1 + -7))?
7
Calculate 3 + (0 - 7) + -5 + 5.
-4
Calculate -29 + 7 - (-8 + 1).
-15
Evaluate 21 + -42 + 22 + -8.
-7
28 + 5 - (6 + -14 + 0)
41
Evaluate 0 + 12 + -24 - -8 - -33.
29
What is the value of -114 - -139 - (-2 + 36)?
-9
Evaluate 1 + 5 + -1 + (11 - 9) + -3.
4
What is (10 - 15 - 5) + 6 + 8?
4
-11 + 17 + 20 + -35
-9
What is -1 - (-7 + (1 - 2 - -9 - 12))?
10
What is 21 + -11 + 6 - 10 - -1?
7
Calculate -1 - ((1 - 1) + -7) - 11.
-5
(34 - 0 - (13 - (18 + -3))) + -6
30
Calculate 6 - -3 - (-67 - -88).
-12
What is the value of (-9 - 1) + (40 + -30 + 10 - 11)?
-1
What is 10 - (-3 - 9 - (-33 - -1))?
-10
What is the value of 13 - (0 + 1 + 11 + -10)?
11
1 + -3 + -9 + 19 - 11
-3
Evaluate -30 + 45 + -9 - 17.
-11
Evaluate 164 + -148 + 1 + -11.
6
0 + 3 + 4 + 9 + (4 - 13)
7
Calculate (-2 - (-2 + 14)) + -208 + 214.
-8
What is 5 - 0 - (65 + -52 + (-14 - -1))?
5
-11 + (-6 - (0 + 2 + -1 - 12))
-6
Evaluate 30 + -36 + 16 - ((1 - 0) + -3).
12
Evaluate -10 + (-4 + (-11 - -22) - 10).
-13
What is the value of -5 - (-1 + -5 - 5) - (-23 + 25)?
4
What is 1 + (0 - (2 - -4) - (-1 + 0))?
-4
What is the value of 19 + 38 + -40 - 21?
-4
58 + -54 - ((-2 + 6 - -29) + -4)
-25
What is the value of -77 - -105 - (25 + 0)?
3
Evaluate -328 - -295 - (0 - 14).
-19
Evaluate -7 + -5 + 8 + -1 + 23.
18
Evaluate 3 + -10 + (8 + -3 - (7 + -3)).
-6
(-4 - -10 - 7) + 4 - 3
0
Calculate -3 - 1 - (-69 + 71) - (-1 + -4).
-1
(18 - 10) + -5 - 19
-16
What is the value of 8 + (68 - 75 - (-1 - -7))?
-5
Calculate -15 + 17 + -7 - (-8 + 3).
0
What is -3 - (19 + 7 + -31)?
2
What is -17 - (20 - 23) - -49?
35
(2 + (7 - 3) - 6) + -10
-10
Calculate (1 - 1) + -6 + -170 + 178 - -4.
6
Calculate -8 + (-7 - (-4 + -2) - -12).
3
Calculate -9 + -17 + (15 - 2) - -10.
-3
Evaluate 2 + -12 + 3 + -3 - (1 + -1).
-10
What is the value of (9 - 7) + -1 + -7 + 15?
9
What is 3 + (-9 - (-6 - -9 - 16)) - 3?
4
Calculate -118 - -113 - (-16 - -1).
10
What is (-49 - -41) + 0 + 15?
7
What is 14 - (59 - 25) - -23?
3
What is -16 - -17 - (0 + (1 - -1))?
-1
What is 200 + -208 - (2 + -1 - 2)?
-7
What is 28 - (12 + 0 + 8)?
8
Calculate (79 - 36) + -51 - -18.
10
7 - 0 - (1 + -10 + 23)
-7
Evaluate (15 - (26 - 28)) + -27.
-10
What is the value of -7 + 0 + (4 - 2 - (-1 - -2))?
-6
29 + -14 + 4 - 1
18
What is -1 - -24 - (258 - 224)?
-11
What is the value of (-1 - 4) + -5 + (5 - -7)?
2
What is -190 - -191 - (2 - 3 - 8)?
10
What is the value of -2 - (58 + -78 + (-7 - -3))?
22
What is the value of -7 - (25 + -20 - (20 - 2))?
6
Evaluate 0 + -26 - (52 - 72).
-6
What is the value of (-10 - -7 - -10) + -8 + -24 + -13?
-38
What is the value of 17 + -19 - (-22 - -4)?
16
Calculate (29 - 2) + (-1 - 0 - (6 + -2)).
22
Calculate -9 + 16 + -5 + 6 - 6 - 23.
-21
Evaluate 3 + 13 + -10 + (-1 - 9).
-4
0 - -1 - -7 - (-33 - -56 - 22)
7
Evaluate (6 + 15 - 32) + -6.
-17
-14 + (-1 + -9 - (-138 - -123))
-9
38 - (-2 - 14) - 38
16
Calculate 8 - 20 - 2 - -21.
7
Calculate (3 - 2) + (72 - 61).
12
-10 + (24 - 14) + -26
-26
Evaluate (-1 - (-4 + 1)) + 4 - (1 - -1).
4
1 + (-12 - -7 - (0 + -13) - 5)
4
Evaluate 0 - 10 - (-621 + 625).
-14
Calculate (17 - (-9 - (-32 + 10))) + 18.
22
Evaluate (-8 - (-1 + -7)) + 14 + 14 + -19.
9
Calculate -97 - -101 - (-2 + 4 + -9).
11
-1 - -5 - (-4 + -5 + -1 + 2)
12
Evaluate -26 - (18 + 18 - 72).
10
(-42 - (-34 + 13)) + 20
-1
5 + 0 + (-13 - -11)
3
What is (-28 + 31 - 10) + -6?
-13
Evaluate (-8 - ((-4 + 8 - -3) + -14)) + -1.
-2
Evaluate 48 - 25 - (5 + -2).
20
27 + -42 - -12 - ((-2 - -3) + -20)
16
Evaluate -11 + 10 + 0 - (0 - 13).
12
Calculate (16 + -6 - 5) + 3 + -3.
5
What is the value of (-19 - -26) + -21 + 2?
-12
Calculate 2 + -1 + -3 + -1 + 17 + -3.
11
Evaluate -31 + (1 - -37) - (0 - -15).
-8
(-11 - 7) + -1 + 20
1
Calculate -8 + (6 + -18 - -6) + 8.
-6
What is the value of -4 - ((-7 - -12) + -1 - 7)?
-1
What is the value of 6 - ((-1 + 2 - -1) + 496 + -493)?
1
What is -5 - (-1 + (-9 - -9))?
-4
What is -2 - (-5 - 0) - -2 - -3?
8
Evaluate -4 - 2 - 7 - (-59 + 69).
-23
Evaluate -7 + 19 + (-14 - 3) - -3.
-2
Evaluate -7 + 25 - (0 - -56).
-38
Calculate (7 - 12) + (9 - (-7 + 29)).
-18
Calculate 6 - (-14 + (13 - -2)).
5
What is the value of (-19 - (-5 - 38)) + -4?
20
What is -10 - (16 + 9 + 9 + -24)?
-20
What is -13 + 19 + (-1 + -6 - -6)?
5
What is the value of 122 + -129 - (-4 - -20)?
-23
2 - (-12 + 7 + 1) - (6 + -4)
4
Calculate (-42 - (-2 + 5 + -14)) + (7 - 1).
-25
4 + 3 - (-11 - -14 - -8)
-4
Calculate -9 + 11 - ((-1 - -8) + 2).
-7
Calculate (-112 - -75) + 33 + -1 + (0 - 1).
-6
Calculate 2 - (17 + -20 + 2) - (2 + -5).
6
Calculate -19 + (25 - (-22 + 56)).
-28
6 + (-16 - -8) + 3 - 7
-6
Calculate (-14 - 3 - -7) + -7.
-17
What is the value of (24 - (11 + 11)) + -22?
-20
Evaluate 8 + -13 + 8 - -11.
14
What is the value of -2 + -4 - (-321 - -299)?
16
Evaluate 22 + (15 - 28) - -1.
10
(-3 + -3 + -1 - 18) + (6 - 2)
-21
What is -19 + (4 + 23 - 14)?
-6
What is -8 + (-15 - (-20 + 11))?
-14
What is the value of (-10 - 2) + (0 - -8 - 24)?
-28
What is 8 - (-4 + -3 + (-9 - -8) + 5)?
11
What is the value of 0 - 4 - (0 - (-25 + 19 - -15))?
5
Evaluate 49 + -19 + -10 + -13.
7
0 + 7 - (-29 + (27 - -3))
6
Calculate (-15 - -1) + 1014 + -992.
8
Calculate -9 + 23 + (1 - -2) + (-46 - -50).
21
Calculate 91 + -61 + (3 - 48).
-15
Calculate -13 - (12 + -6) - -15.
-4
Calculate 2 - (-3 - -9) - (2 + (17 - 10)).
-13
What is 1 - ((1 - 14) + 0) - (4 + 0)?
10
What is the value of 4 - (3 + (0 - (1 - (-1 - -3))))?
0
Evaluate -15 + -6 + (16 - 13) - 3.
-21
0 - -2 - (-28 + 8 + 21)
1
What is -5 + (-6 - (4 - 8)) - (8 - 9)?
-6
What is 14 + 21 + -19 - 38?
-22
What is (37 - 1) + (103 - 108)?
31
Evaluate 1 + -10 - 1 - (-467 + 449).
8
Evaluate 4 + -2 + -7 - (34 - 30).
-9
6 - (2 + -6 + -4 + 7 + 3)
4
What is -45 - (-24 - (17 - (-16 + 41)))?
-29
Calculate 5 + 0 - (161 - 159) - 2.
1
-4 + (15 + -18 - 10)
-17
What is -25 + 3 + -1 + -5 + 1 + 10?
-17
Calculate (-2 - 16) + (2 + 9 - (17 + -12)).
-12
20 + 4 + 2 + -14
12
0 + 1 - (1 - -4)
-4
What is (4 - 9) + -4 + 0?
-9
Evaluate (15 - 9) + (7 + -5 - 25).
-17
Calculate (-5 - -14) + (19 - 37).
-9
Evaluate (-3263 - -3254) + (-2 - (1 + -30)).
18
What is the value of -4 + 3 + -3 + 6 - 13?
-11
What is 11 - -1 - (33 - (79 + -39))?
19
5 - (-9 + 12 + -20 + 11)
11
What is (-15 - -9 - -8) + -1 + -5?
-4
What is the value of -34 - (2 + -16 + -13)?
-7
Calculate 4 + 12 - 17 - 8.
-9
What is 65 + -75 - (-1 + -4) - 0?
-5
(-11 - (-9 + 5 + -7)) + 3
3
What is 3 + 2 + 1 + -12?
-6
What is -2 + 12 + (7 - 5) - (-2 + 2)?
12
(23 - -5) + -103 + 67
-8
What is the value of (5 - 13) + 6 + (-3 - (11 + -5))?
-11
(-1 - -4) + 4 - (10 - 8)
5
Calculate 11 - (10 - 